ens digit of 19009132?
3
What is the ten millions digit of 26907019?
2
What is the ten thousands digit of 39345?
3
What is the units digit of 11435603?
3
What is the tens digit of 4697641?
4
What is the thousands digit of 8810786?
0
What is the hundreds digit of 180530?
5
What is the hundred thousands digit of 486475?
4
What is the thousands digit of 17369921?
9
What is the hundred thousands digit of 2092923?
0
What is the thousands digit of 615960?
5
What is the ten thousands digit of 9579440?
7
What is the millions digit of 1549190?
1
What is the units digit of 22439709?
9
What is the hundreds digit of 558515?
5
What is the tens digit of 314200?
0
What is the millions digit of 17399872?
7
What is the hundreds digit of 173465?
4
What is the thousands digit of 10461584?
1
What is the units digit of 1307709?
9
What is the tens digit of 12322326?
2
What is the thousands digit of 620000?
0
What is the ten thousands digit of 202962?
0
What is the hundreds digit of 763325?
3
What is the thousands digit of 258505?
8
What is the tens digit of 454779?
7
What is the tens digit of 956394?
9
What is the thousands digit of 206833?
6
What is the thousands digit of 192448?
2
What is the ten thousands digit of 823959?
2
What is the hundreds digit of 166997?
9
What is the hundreds digit of 6962100?
1
What is the hundred thousands digit of 35696680?
6
What is the thousands digit of 31391?
1
What is the thousands digit of 17115587?
5
What is the thousands digit of 19715?
9
What is the hundreds digit of 1848471?
4
What is the hundred thousands digit of 21456031?
4
What is the hundreds digit of 405412?
4
What is the ten thousands digit of 769553?
6
What is the ten thousands digit of 615032?
1
What is the units digit of 148154?
4
What is the units digit of 149224?
4
What is the millions digit of 9884752?
9
What is the ten thousands digit of 918027?
1
What is the millions digit of 16590084?
6
What is the thousands digit of 62434?
2
What is the ten thousands digit of 147984?
4
What is the thousands digit of 340967?
0
What is the units digit of 417066?
6
What is the thousands digit of 8257692?
7
What is the hundreds digit of 33970364?
3
What is the ten thousands digit of 425142?
2
What is the thousands digit of 2726286?
6
What is the units digit of 1136778?
8
What is the ten thousands digit of 9577570?
7
What is the millions digit of 1630711?
1
What is the thousands digit of 1086717?
6
What is the hundreds digit of 265275?
2
What is the ten thousands digit of 445535?
4
What is the tens digit of 686278?
7
What is the hundred thousands digit of 285179?
2
What is the tens digit of 685038?
3
What is the ten thousands digit of 1073885?
7
What is the tens digit of 13894293?
9
What is the ten thousands digit of 29230?
2
What is the thousands digit of 2611155?
1
What is the millions digit of 1524855?
1
What is the units digit of 180798?
8
What is the tens digit of 1012820?
2
What is the units digit of 748779?
9
What is the units digit of 9085063?
3
What is the millions digit of 1373842?
1
What is the thousands digit of 546393?
6
What is the thousands digit of 400486?
0
What is the ten thousands digit of 508981?
0
What is the units digit of 8747364?
4
What is the millions digit of 2294485?
2
What is the tens digit of 3428841?
4
What is the units digit of 2966957?
7
What is the millions digit of 1535161?
1
What is the tens digit of 80624?
2
What is the millions digit of 11950942?
1
What is the tens digit of 79492?
9
What is the hundreds digit of 689776?
7
What is the units digit of 5222656?
6
What is the thousands digit of 974276?
4
What is the ten thousands digit of 1069515?
6
What is the tens digit of 1748628?
2
What is the tens digit of 165836?
3
What is the hundred thousands digit of 140525?
1
What is the thousands digit of 306718?
6
What is the thousands digit of 1615573?
5
What is the hundred thousands digit of 253016?
2
What is the hundred thousands digit of 200618?
2
What is the hundreds digit of 670781?
7
What is the hundred thousands digit of 2640872?
6
What is the thousands digit of 352014?
2
What is the hundreds digit of 153346?
3
What is the hundred thousands digit of 1518332?
5
What is the thousands digit of 2290576?
0
What is the units digit of 516715?
5
What is the tens digit of 26001961?
6
What is the tens digit of 384077?
7
What is the ten thousands digit of 1387393?
8
What is the ten thousands digit of 8626874?
2
What is the ten millions digit of 12346904?
1
What is the hundreds digit of 1514754?
7
What is the units digit of 598324?
4
What is the hundreds digit of 4579?
5
What is the hundreds digit of 20279843?
8
What is the units digit of 132859?
9
What is the thousands digit of 403073?
3
What is the hundreds digit of 300144?
1
What is the hundreds digit of 12161097?
0
What is the thousands digit of 154498?
4
What is the units digit of 1171091?
1
What is the thousands digit of 2396250?
6
What is the tens digit of 1553157?
5
What is the hundred thousands digit of 162652?
1
What is the ten thousands digit of 2355096?
5
What is the units digit of 171867?
7
What is the hundred thousands digit of 5554778?
5
What is the units digit of 1712970?
0
What is the thousands digit of 390633?
0
What is the tens digit of 181090?
9
What is the ten thousands digit of 366951?
6
What is the tens digit of 3282622?
2
What is the hundreds digit of 1227807?
8
What is the ten thousands digit of 137632?
3
What is the hundreds digit of 2211076?
0
What is the hundreds digit of 613802?
8
What is the units digit of 5718387?
7
What is the thousands digit of 783995?
3
What is the millions digit of 3009755?
3
What is the thousands digit of 2070542?
0
What is the ten thousands digit of 42598?
4
What is the thousands digit of 290383?
0
What is the tens digit of 895288?
8
What is the thousands digit of 13080234?
0
What is the thousands digit of 3849189?
9
What is the hundred thousands digit of 126850?
1
What is the units digit of 331135?
5
What is the hundreds digit of 358130?
1
What is the hundred thousands digit of 12249069?
2
What is the hundred thousands digit of 217284?
2
What is the hundred thousands digit of 3590306?
5
What is the hundreds digit of 89178?
1
What is the units digit of 194112?
2
What is the millions digit of 36384184?
6
What is the units digit of 205033?
3
What is the ten thousands digit of 444914?
4
What is the tens digit of 8449671?
7
What is the ten thousands digit of 387969?
8
What is the thousands digit of 357155?
7
What is the hundreds digit of 21585855?
8
What is the tens digit of 225818?
1
What is the tens digit of 193519?
1
What is the hundred thousands digit of 769145?
7
What is the hundred thousands digit of 14011518?
0
What is the millions digit of 6985555?
6
What is the thousands digit of 540629?
0
What is the units digit of 15838215?
5
What is the units digit of 31196?
6
What is the hundreds digit of 2804086?
0
What is the millions digit of 4208498?
4
What is the ten millions digit of 44691344?
4
What is the ten thousands digit of 3975726?
7
What is the units digit of 185846?
6
What is the hundred thousands digit of 546684?
5
What is the hundred thousands digit of 458718?
4
What is the ten thousands digit of 860732?
6
What is the thousands digit of 670529?
0
What is the hundreds digit of 814918?
9
What is the ten thousands digit of 26979971?
7
What is the hundreds digit of 2440820?
8
What is the ten thousands digit of 8549017?
4
What is the hundreds digit of 3820487?
4
What is the thousands digit of 1120923?
0
What is the thousands digit of 7456?
7
What is the hundred thousands digit of 156005?
1
What is the hundreds digit of 536743?
7
What is the hundreds digit of 682259?
2
What is the tens digit of 769275?
7
What is the hundred thousands digit of 4937315?
9
What is the thousands digit of 23819360?
9
What is the units digit of 43005?
5
What is the hundreds digit of 130084?
0
What is the hundred thousands digit of 324372?
3
What is the ten millions digit of 26550819?
2
What is the ten thousands digit of 451859?
5
What is the hundreds digit of 9087360?
3
What is the tens digit of 6016931?
3
What is the units digit of 687428?
8
What is the hundreds digit of 9614523?
5
What is the hundred thousands digit of 446108?
4
What is the hundreds digit of 1088676?